{"id":306,"date":"2024-01-26T18:18:21","date_gmt":"2024-01-26T17:18:21","guid":{"rendered":"podlove-2024-01-26t15:39:25+00:00-407a5ce8b634cfc"},"modified":"2026-02-13T14:13:50","modified_gmt":"2026-02-13T13:13:50","slug":"buergergeld-und-existenzminimum","status":"publish","type":"podcast","link":"https:\/\/grundgesetzlich.org\/podcast\/buergergeld-und-existenzminimum\/","title":{"rendered":"#3 Menschenw\u00fcrde, Existenzminimum und Sanktionen. Sozialrechtlerin Andrea Kie\u00dfling zum B\u00fcrgergeld"},"content":{"rendered":"\n    \n            <div class=\"podlove-web-player intrinsic-ignore podlove-web-player-loading\" id=\"player-69f2a02c852cc\"><root data-test=\"player--xl\" style=\"max-width:950px;min-width:260px;\">\n  <div class=\"tablet:px-6 tablet:pt-6 mobile:px-4 mobile:pt-4 flex flex-col\">\n    <div class=\"flex-col items-center mobile:flex tablet:hidden\">\n      <show-title class=\"text-sm\"><\/show-title>\n      <episode-title class=\"text-base mb-2\"><\/episode-title>\n      <subscribe-button class=\"mb-4 mobile:flex tablet:hidden\"><\/subscribe-button>\n      <poster class=\"rounded-sm w-48 shadow overflow-hidden\"><\/poster>\n      <divider class=\"w-full my-6\"><\/divider>\n    <\/div>\n\n    <div class=\"tablet:flex flex-grow\">\n      <div class=\"w-64 mobile:hidden tablet:block tablet:mr-6\">\n        <poster class=\"rounded-sm shadow overflow-hidden\"><\/poster>\n      <\/div>\n      <div class=\"w-full\">\n        <div class=\"hidden tablet:block\">\n          <show-title class=\"text-base\"><\/show-title>\n          <episode-title class=\"text-xl desktop:text-2xl\"><\/episode-title>\n          <divider class=\"w-full my-4\"><\/divider>\n        <\/div>\n        <div class=\"flex items-center justify-between\">\n          <div class=\"block\">\n            <play-state on=\"active\">\n              <speed-control class=\"flex items-center\"><\/speed-control>\n            <\/play-state>\n          <\/div>\n\n          <div class=\"flex\">\n            <play-state on=\"active\">\n              <chapter-previous class=\"mx-2 block\"><\/chapter-previous>\n            <\/play-state>\n            <play-state on=\"active\">\n              <step-backward class=\"mx-2 block\"><\/step-backward>\n            <\/play-state>\n\n            <play-button class=\"mx-2 block\" :label=\"$t('PLAYER.PLAY_EPISODE')\"><\/play-button>\n\n            <play-state on=\"active\">\n              <step-forward class=\"mx-2 block\"><\/step-forward>\n            <\/play-state>\n            <play-state on=\"active\">\n              <chapter-next class=\"mx-2 block\"><\/chapter-next>\n            <\/play-state>\n          <\/div>\n\n          <div class=\"block\">\n            <play-state on=\"active\">\n              <volume-control class=\"flex items-center\"><\/volume-control>\n            <\/play-state>\n          <\/div>\n        <\/div>\n        <div class=\"flex w-full\">\n          <progress-bar><\/progress-bar>\n        <\/div>\n        <div class=\"flex w-full -mt-2\">\n          <div class=\"w-3\/12 text-left\">\n            <timer-current class=\"text-sm\"><\/timer-current>\n          <\/div>\n          <div class=\"w-6\/12 text-center truncate\">\n            <play-state on=\"active\">\n              <current-chapter class=\"text-sm\"><\/current-chapter>\n            <\/play-state>\n          <\/div>\n          <div class=\"w-3\/12 text-right\">\n            <timer-duration class=\"text-sm\"><\/timer-duration>\n          <\/div>\n        <\/div>\n      <\/div>\n    <\/div>\n    <divider class=\"w-full mt-6 mb-3\"><\/divider>\n    <div class=\"flex justify-between\">\n      <div class=\"flex mobile:w-full tablet:w-3\/12 desktop:w-3\/12 justify-between\">\n        <tab-trigger tab=\"chapters\">\n          <icon type=\"chapter\"><\/icon>\n        <\/tab-trigger>\n        <tab-trigger tab=\"transcripts\">\n          <icon type=\"transcripts\"><\/icon>\n        <\/tab-trigger>\n        <tab-trigger tab=\"files\">\n          <icon type=\"download\"><\/icon>\n        <\/tab-trigger>\n        <tab-trigger tab=\"playlist\">\n          <icon type=\"playlist\"><\/icon>\n        <\/tab-trigger>\n        <tab-trigger tab=\"share\">\n          <icon type=\"share\"><\/icon>\n        <\/tab-trigger>\n      <\/div>\n      <subscribe-button class=\"mt-1 mobile:hidden tablet:flex\"><\/subscribe-button>\n    <\/div>\n  <\/div>\n  <div class=\"w-full relative overflow-hidden\">\n    <tab name=\"chapters\">\n      <tab-chapters><\/tab-chapters>\n    <\/tab>\n    <tab name=\"transcripts\">\n      <tab-transcripts><\/tab-transcripts>\n    <\/tab>\n    <tab name=\"files\">\n      <tab-files><\/tab-files>\n    <\/tab>\n    <tab name=\"playlist\">\n      <tab-playlist><\/tab-playlist>\n    <\/tab>\n    <tab name=\"share\">\n      <tab-share><\/tab-share>\n    <\/tab>\n    <tab-overflow><\/tab-overflow>\n  <\/div>\n  <error><\/error>\n<\/root>\n<\/div>\n            <script>\n              document.addEventListener(\"DOMContentLoaded\", function() {\n                var player = document.getElementById(\"player-69f2a02c852cc\");\n                podlovePlayerCache.add([{\"url\":\"https:\\\/\\\/grundgesetzlich.org\\\/podcast\\\/wp-json\\\/podlove-web-player\\\/shortcode\\\/publisher\\\/306\",\"data\":{\"version\":5,\"show\":{\"title\":\"Grundgesetzlich\",\"subtitle\":\"Grundrechte hier & jetzt\",\"summary\":\"Der Einsatz von Schmerzgriffen bei friedlichen Demos, Video\\u00fcberwachung im \\u00f6ffentlichen Raum und Ersatzfreiheitsstrafen f\\u00fcr das Fahren ohne Ticket: Jede Folge von \\u201eGrundgesetzlich \\u2013 Grundreche hier & jetzt\\u201c beleuchtet grundrechtliche Dimensionen einer aktuellen politischen Debatte. Gemeinsam mit Expert*innen bespricht Janina Zillekens-McFadden in einem kurzweiligen Format alles, was du wissen musst, um mitreden zu k\\u00f6nnen. Verst\\u00e4ndlich und unterhaltsam - Grundrechtswissen auch f\\u00fcr Nicht-Juristen.\",\"poster\":\"https:\\\/\\\/grundgesetzlich.org\\\/podcast\\\/podlove\\\/image\\\/68747470733a2f2f6772756e6467657365747a6c6963682e6f72672f706f64636173742f77702d636f6e74656e742f75706c6f6164732f323032332f31312f4772756e6467657365747a6c6963685f4c6f676f2d3330303078333030302d312e706e67\\\/500\\\/0\\\/0\\\/grundgesetzlich\",\"link\":\"https:\\\/\\\/grundgesetzlich.org\\\/podcast\"},\"title\":\"#3 Menschenw\\u00fcrde, Existenzminimum und Sanktionen. Sozialrechtlerin Andrea Kie\\u00dfling zum B\\u00fcrgergeld\",\"subtitle\":\"In der dritten Folge spricht Janina Zillekens-McFadden mit Andrea Kie\\u00dfling \\u00fcber das Thema B\\u00fcrgergeld und Existenzminimum.\",\"summary\":\"Im Januar hat das B\\u00fcrgergeld Schlagzeilen gemacht \\u2013 und das gleich doppelt: Zum 1.1. stiegen die Sozialleistungen um 12 Prozent auf 563 Euro f\\u00fcr Alleinstehende. Gleichzeitig dr\\u00e4ngt das Haushaltsfinanzierungsgesetz die verschiedenen Ressorts zum Sparen. Das Bundesministerium f\\u00fcr Arbeit und Soziales will seinen Anteil an den Sparma\\u00dfnahmen mit h\\u00e4rteren Sanktionen beim B\\u00fcrgergeld leisten. Wer sich kategorisch weigert zu arbeiten, dem sollen die Leistungen f\\u00fcr maximal zwei Monate komplett gestrichen werden. Damit sollen 170 Millionen Euro gespart werden.\\n\\nAber sind extreme K\\u00fcrzungen wie diese mit dem Grundgesetz vereinbar? F\\u00fcr die dritte Folge des GFF Podcasts \\u201eGrundgesetzlich\\u201c hat unsere Moderatorin Janina Zillekens-McFadden mit Andrea Kie\\u00dfling gesprochen. Kie\\u00dfling ist Professorin f\\u00fcr \\u00d6ffentliches Recht, Sozial- und Gesundheitsrecht sowie Migrationsrecht an der Goethe Universit\\u00e4t in Frankfurt am Main.\",\"publicationDate\":\"2024-01-26T18:18:21+01:00\",\"duration\":\"00:31:29.448\",\"poster\":\"https:\\\/\\\/grundgesetzlich.org\\\/podcast\\\/podlove\\\/image\\\/68747470733a2f2f6772756e6467657365747a6c6963682e6f72672f706f64636173742f77702d636f6e74656e742f75706c6f6164732f323032332f31312f4772756e6467657365747a6c6963685f4c6f676f2d3330303078333030302d312e706e67\\\/500\\\/0\\\/0\\\/grundgesetzlich\",\"link\":\"https:\\\/\\\/grundgesetzlich.org\\\/podcast\\\/buergergeld-und-existenzminimum\\\/\",\"chapters\":[{\"start\":\"00:00:00.000\",\"title\":\"Intro\",\"href\":\"\",\"image\":\"\"},{\"start\":\"00:03:21.000\",\"title\":\"Interview\",\"href\":\"\",\"image\":\"\"},{\"start\":\"00:30:00.000\",\"title\":\"Zusammenfassung\",\"href\":\"\",\"image\":\"\"},{\"start\":\"00:31:00.000\",\"title\":\"Outro\",\"href\":\"\",\"image\":\"\"}],\"audio\":[{\"url\":\"https:\\\/\\\/grundgesetzlich.org\\\/podcast\\\/podlove\\\/file\\\/6\\\/s\\\/webplayer\\\/c\\\/website\\\/GGS_03.mp3\",\"size\":\"45368399\",\"title\":\"MP3 Audio (mp3)\",\"mimeType\":\"audio\\\/mpeg\"}],\"files\":[{\"url\":\"https:\\\/\\\/grundgesetzlich.org\\\/podcast\\\/podlove\\\/file\\\/6\\\/s\\\/webplayer\\\/GGS_03.mp3\",\"size\":\"45368399\",\"title\":\"MP3 Audio\",\"mimeType\":\"audio\\\/mpeg\"}]}}, {\"url\":\"https:\\\/\\\/grundgesetzlich.org\\\/podcast\\\/wp-json\\\/podlove-web-player\\\/shortcode\\\/config\\\/grundgesetzlich\\\/theme\\\/grundgesetzlich\",\"data\":{\"activeTab\":\"files\",\"subscribe-button\":null,\"share\":{\"channels\":[\"facebook\",\"twitter\",\"whats-app\",\"linkedin\",\"pinterest\",\"xing\",\"mail\",\"link\"],\"outlet\":\"https:\\\/\\\/grundgesetzlich.org\\\/podcast\\\/wp-content\\\/plugins\\\/podlove-web-player\\\/web-player\\\/share.html\",\"sharePlaytime\":true},\"related-episodes\":{\"source\":\"disabled\",\"value\":null},\"version\":5,\"theme\":{\"tokens\":{\"brand\":\"#E64415\",\"brandDark\":\"#235973\",\"brandDarkest\":\"#1A3A4A\",\"brandLightest\":\"#E9F1F5\",\"shadeDark\":\"#807E7C\",\"shadeBase\":\"#807E7C\",\"contrast\":\"#000\",\"alt\":\"#fff\"},\"fonts\":{\"ci\":{\"name\":\"ci\",\"family\":[\"-apple-system\",\"BlinkMacSystemFont\",\"Segoe UI\",\"Roboto\",\"Helvetica\",\"Arial\",\"sans-serif\",\"Apple Color Emoji\",\"Segoe UI Emoji\\\", \\\"Segoe UI Symbol\"],\"src\":[],\"weight\":800},\"regular\":{\"name\":\"regular\",\"family\":[\"-apple-system\",\"BlinkMacSystemFont\",\"Segoe UI\",\"Roboto\",\"Helvetica\",\"Arial\",\"sans-serif\",\"Apple Color Emoji\",\"Segoe UI Emoji\\\", \\\"Segoe UI Symbol\"],\"src\":[],\"weight\":300},\"bold\":{\"name\":\"bold\",\"family\":[\"-apple-system\",\"BlinkMacSystemFont\",\"Segoe UI\",\"Roboto\",\"Helvetica\",\"Arial\",\"sans-serif\",\"Apple Color Emoji\",\"Segoe UI Emoji\\\", \\\"Segoe UI Symbol\"],\"src\":[],\"weight\":700}}},\"base\":\"https:\\\/\\\/grundgesetzlich.org\\\/podcast\\\/wp-content\\\/plugins\\\/podlove-web-player\\\/web-player\\\/\"}}]);\n                podlovePlayer(player, \"https:\/\/grundgesetzlich.org\/podcast\/wp-json\/podlove-web-player\/shortcode\/publisher\/306\", \"https:\/\/grundgesetzlich.org\/podcast\/wp-json\/podlove-web-player\/shortcode\/config\/grundgesetzlich\/theme\/grundgesetzlich\").then(function() {\n                  player && player.classList.remove(\"podlove-web-player-loading\");\n                });\n              });\n            <\/script>\n            <style>\n              .podlove-web-player.podlove-web-player-loading {\n                opacity: 0;\n              }\n            <\/style>\n        \n\n\n","protected":false},"author":3,"featured_media":0,"comment_status":"closed","ping_status":"open","template":"","meta":{"footnotes":""},"tags":[6,7],"class_list":["post-306","podcast","type-podcast","status-publish","hentry","tag-buergergeld","tag-existenzminimum","description-off","post"],"_links":{"self":[{"href":"https:\/\/grundgesetzlich.org\/podcast\/wp-json\/wp\/v2\/episodes\/306","targetHints":{"allow":["GET"]}}],"collection":[{"href":"https:\/\/grundgesetzlich.org\/podcast\/wp-json\/wp\/v2\/episodes"}],"about":[{"href":"https:\/\/grundgesetzlich.org\/podcast\/wp-json\/wp\/v2\/types\/podcast"}],"author":[{"embeddable":true,"href":"https:\/\/grundgesetzlich.org\/podcast\/wp-json\/wp\/v2\/users\/3"}],"replies":[{"embeddable":true,"href":"https:\/\/grundgesetzlich.org\/podcast\/wp-json\/wp\/v2\/comments?post=306"}],"version-history":[{"count":4,"href":"https:\/\/grundgesetzlich.org\/podcast\/wp-json\/wp\/v2\/episodes\/306\/revisions"}],"predecessor-version":[{"id":506,"href":"https:\/\/grundgesetzlich.org\/podcast\/wp-json\/wp\/v2\/episodes\/306\/revisions\/506"}],"wp:attachment":[{"href":"https:\/\/grundgesetzlich.org\/podcast\/wp-json\/wp\/v2\/media?parent=306"}],"wp:term":[{"taxonomy":"post_tag","embeddable":true,"href":"https:\/\/grundgesetzlich.org\/podcast\/wp-json\/wp\/v2\/tags?post=306"}],"curies":[{"name":"wp","href":"https:\/\/api.w.org\/{rel}","templated":true}]}}

#3 Menschenwürde, Existenzminimum und Sanktionen. Sozialrechtlerin Andrea Kießling zum Bürgergeld
