{"id":161,"date":"2023-11-17T17:39:10","date_gmt":"2023-11-17T16:39:10","guid":{"rendered":"https:\/\/grundgesetzlich.org\/podcast\/?page_id=161"},"modified":"2023-11-22T12:00:27","modified_gmt":"2023-11-22T11:00:27","slug":"impressum","status":"publish","type":"page","link":"https:\/\/grundgesetzlich.org\/podcast\/impressum\/","title":{"rendered":"Impressum"},"content":{"rendered":"<div class=\"wpb-content-wrapper\"><p>[vc_row][vc_column][vc_column_text]<a href=\"https:\/\/grundgesetzlich.org\/podcast\/\">zur\u00fcck zur Startseite<\/a>[\/vc_column_text][\/vc_column][\/vc_row][vc_row][vc_column][vc_column_text]<\/p>\n<h2><strong>Kontakt<\/strong><\/h2>\n<p>Gesellschaft f\u00fcr Freiheitsrechte e.V.<br \/>\nBoyenstra\u00dfe 41<br \/>\n10115 Berlin<\/p>\n<p>Telefon +49 30 549 08 10 \u2013 0<br \/>\nFax +49 30 549 08 10 \u2013 99<\/p>\n<p><a class=\"link link--mailto\" href=\"mailto:info@freiheitsrechte.org\"><span class=\"u-underline\">info@freiheitsrechte.org<\/span><\/a><br \/>\nPGP\/GPG Key ID FA2C23A8 (<a class=\"link link--external\" href=\"https:\/\/keys.openpgp.org\/search?q=info%40freiheitsrechte.org\" target=\"_blank\" rel=\"noopener noreferrer\"><span class=\"u-underline\">Download<\/span><\/a>)<\/p>\n<h2><strong>Kontoverbindung<\/strong><\/h2>\n<p>IBAN: DE 88 4306 0967 1182 9121 00<br \/>\nBIC: GENODEM1GLS<br \/>\nGLS Gemeinschaftsbank eG<\/p>\n<p><a class=\"link link--internal\" href=\"https:\/\/freiheitsrechte.org\/impressum\/mitmachen\/\"><span class=\"u-underline\">Unser Einsatz f\u00fcr die Freiheit h\u00e4ngt vom Engagement von Menschen wie Ihnen ab: Unterst\u00fctzen Sie die GFF.<\/span><\/a><\/p>\n<h2><strong>Vertreten durch den Vorstand des Vereins<\/strong><\/h2>\n<ul>\n<li>Dr. Ulf Buermeyer, LL.M. (Columbia)<\/li>\n<li>Prof. Dr. Boris Burghardt<\/li>\n<li>Prof. Dr. Nora Markard<\/li>\n<li>Dr. John Philipp Thurn<\/li>\n<\/ul>\n<p>Eingetragen in das Vereinsregister des Amtsgerichts Berlin-Charlottenburg unter VR 34505 B (<a class=\"link link--download\" href=\"https:\/\/freiheitsrechte.org\/uploads\/publications\/2023-03-07-GFF-Satzung-mit-3.-Aenderung-und-Erklaerung-gem-71-BGB.pdf\" download=\"2023-03-07-GFF-Satzung-mit-3.-Aenderung-und-Erklaerung-gem-71-BGB.pdf\"><span class=\"u-underline\">Satzung<\/span><\/a>).<\/p>\n<p>Wir danken unseren Partner*innen, F\u00f6rdermitgliedern und allen weiteren Unterst\u00fctzer*innen, die sich gemeinsam mit uns f\u00fcr Grund- und Menschenrechte einsetzen!<\/p>\n<p><strong>Herzlichen Dank!<\/strong><\/p>\n<h2><strong>Podcast<\/strong><\/h2>\n<p>Redaktion, Moderation und Verantwortlich im Sinne des Medienstaatsvertrag (MStV) <a href=\"https:\/\/freiheitsrechte.org\/ueber-die-gff\/team\/janina-zillekens\">Janina Zillekens-McFadden<\/a><\/p>\n<p>Schnitt: <a href=\"https:\/\/freiheitsrechte.org\/ueber-die-gff\/team\/bernhard-leitner\">Bernhard Leitner<\/a><\/p>\n<h2><\/h2>\n<h2><strong>Website<\/strong><\/h2>\n<p>Theme: ressourcenmangel (<a class=\"link link--external\" href=\"https:\/\/the7.io\/\" target=\"_blank\" rel=\"noopener noreferrer\"><span class=\"u-underline\">Link<\/span><\/a>)<br \/>\nKonzept &amp; Umsetzung: <a href=\"https:\/\/freiheitsrechte.org\/ueber-die-gff\/team\/bernhard-leitner\">Bernhard Leitner<\/a><\/p>\n<p>Vielen Dank!<\/p>\n<h2><strong>Datenschutz<\/strong><\/h2>\n<p>Die GFF nimmt den Schutz Ihrer pers\u00f6nlichen Daten sehr ernst. Wir behandeln Ihre personenbezogenen Daten vertraulich und entsprechend der gesetzlichen Datenschutzvorschriften sowie unserer <a class=\"link link--internal\" href=\"https:\/\/freiheitsrechte.org\/datenschutz\"><span class=\"u-underline\">Datenschutzerkl\u00e4rung.<\/span><\/a><\/p>\n<h2><strong>Widerspruch Werbe-Mails<\/strong><\/h2>\n<p>Der Nutzung von im Rahmen der Impressumspflicht ver\u00f6ffentlichten Kontaktdaten zur \u00dcbersendung von nicht ausdr\u00fccklich angeforderter Werbung und Informationsmaterialien wird hiermit widersprochen. Die Betreiber der Seiten behalten sich ausdr\u00fccklich rechtliche Schritte im Falle der unverlangten Zusendung von Werbeinformationen, etwa durch Spam-E-Mails, vor.<\/p>\n<p>Quelle: <a class=\"link link--external\" href=\"http:\/\/www.e-recht24.de\/\" target=\"_blank\" rel=\"noopener noreferrer\"><span class=\"u-underline\">http:\/\/www.e-recht24.de<\/span><\/a> mit Erg\u00e4nzungen der GFF.[\/vc_column_text][\/vc_column][\/vc_row]<\/p>\n<\/div>","protected":false},"excerpt":{"rendered":"<p>[vc_row][vc_column][vc_column_text]zur\u00fcck zur Startseite[\/vc_column_text][\/vc_column][\/vc_row][vc_row][vc_column][vc_column_text] Kontakt Gesellschaft f\u00fcr Freiheitsrechte e.V. Boyenstra\u00dfe 41 10115 Berlin Telefon +49 30 549 08 10 \u2013 0 Fax +49 30 549 08 10 \u2013 99 info@freiheitsrechte.org PGP\/GPG Key ID FA2C23A8 (Download) Kontoverbindung IBAN: DE 88 4306 0967 1182 9121 00 BIC: GENODEM1GLS GLS Gemeinschaftsbank eG Unser Einsatz f\u00fcr die Freiheit h\u00e4ngt vom&hellip;<\/p>\n","protected":false},"author":2,"featured_media":0,"parent":0,"menu_order":0,"comment_status":"closed","ping_status":"closed","template":"","meta":{"footnotes":""},"class_list":["post-161","page","type-page","status-publish","hentry","description-off"],"_links":{"self":[{"href":"https:\/\/grundgesetzlich.org\/podcast\/wp-json\/wp\/v2\/pages\/161","targetHints":{"allow":["GET"]}}],"collection":[{"href":"https:\/\/grundgesetzlich.org\/podcast\/wp-json\/wp\/v2\/pages"}],"about":[{"href":"https:\/\/grundgesetzlich.org\/podcast\/wp-json\/wp\/v2\/types\/page"}],"author":[{"embeddable":true,"href":"https:\/\/grundgesetzlich.org\/podcast\/wp-json\/wp\/v2\/users\/2"}],"replies":[{"embeddable":true,"href":"https:\/\/grundgesetzlich.org\/podcast\/wp-json\/wp\/v2\/comments?post=161"}],"version-history":[{"count":6,"href":"https:\/\/grundgesetzlich.org\/podcast\/wp-json\/wp\/v2\/pages\/161\/revisions"}],"predecessor-version":[{"id":211,"href":"https:\/\/grundgesetzlich.org\/podcast\/wp-json\/wp\/v2\/pages\/161\/revisions\/211"}],"wp:attachment":[{"href":"https:\/\/grundgesetzlich.org\/podcast\/wp-json\/wp\/v2\/media?parent=161"}],"curies":[{"name":"wp","href":"https:\/\/api.w.org\/{rel}","templated":true}]}}