{"id":177,"date":"2023-11-21T12:09:19","date_gmt":"2023-11-21T11:09:19","guid":{"rendered":"https:\/\/grundgesetzlich.org\/podcast\/?page_id=177"},"modified":"2025-07-25T16:25:26","modified_gmt":"2025-07-25T14:25:26","slug":"die-menschen-hinter-dem-podcast","status":"publish","type":"page","link":"https:\/\/grundgesetzlich.org\/podcast\/die-menschen-hinter-dem-podcast\/","title":{"rendered":"Die Menschen hinter dem Podcast"},"content":{"rendered":"<div class=\"wpb-content-wrapper\"><p>[vc_row css_animation=&#8220;bounceInUp&#8220; ult_hide_row=&#8220;ult_hide_row_value&#8220; ult_hide_row_mobile=&#8220;mobile&#8220;][vc_column css_animation=&#8220;bounceInUp&#8220;][vc_row_inner][vc_column_inner width=&#8220;1\/4&#8243;]<div class=\"ult-team-member-wrap ult-style-1  \"><div class=\"ult-team-member-image\" style=\"\"> <img decoding=\"async\" class=\"ult-team-grayscale\" src=\"https:\/\/grundgesetzlich.org\/podcast\/wp-content\/uploads\/2025\/07\/Foto_Podcasten-e1753196156618.jpeg\" alt=\"null\"  style=\"\"><span class=\"ult-team-member-image-overlay \"  ><\/span><\/div><div class=\"ult-team-member-bio-wrap style-1 ultimate-heading69e0627e1cd23\" style=\"text-align:center;; \"><div class=\"ult-team-member-name-wrap\"><h2 class=\"ult-team-member-name ult-responsive\"  data-ultimate-target='.ult-team-member-bio-wrap.ultimate-heading69e0627e1cd23 .ult-team-member-name'  data-responsive-json-new='{\"font-size\":\"\",\"line-height\":\"\"}'  style=\"\"><\/h2><div style=\"margin-bottom:15px\"><\/div><\/div><\/div><\/div>[\/vc_column_inner][vc_column_inner width=&#8220;3\/4&#8243;][vc_column_text]<\/p>\n<h2>Die Stimme<\/h2>\n<p>[\/vc_column_text][vc_column_text]<a href=\"https:\/\/freiheitsrechte.org\/ueber-die-gff\/team\/janina-zillekens-mcfadden\">Janina Zillekens-McFadden<\/a> ist seit Oktober 2020 Teil des Kommunikationsteams der Gesellschaft f\u00fcr Freiheitsrechte und hostet seit November 2023 den Podcast \u201eGrundgesetzlich\u201c. Ihren Master of Arts in Literaturwissenschaften und Soziologie absolvierte sie in Aachen und St. Louis, Missouri. Nebenbei engagierte sie sich ehrenamtlich bei Amnesty International. Ihre journalistische Ausbildung absolvierte sie an der Burda Journalistenschule und in der Redaktion des Focus Magazins in Berlin.[\/vc_column_text][\/vc_column_inner][\/vc_row_inner][\/vc_column][\/vc_row][vc_row css_animation=&#8220;bounceInUp&#8220;][vc_column css_animation=&#8220;bounceInUp&#8220; width=&#8220;1\/4&#8243;]<div class=\"ult-team-member-wrap ult-style-1  \"><div class=\"ult-team-member-image\" style=\"\"> <img decoding=\"async\" class=\"ult-team-grayscale\" src=\"https:\/\/grundgesetzlich.org\/podcast\/wp-content\/uploads\/2025\/07\/Bernhard-Leitner.jpg\" alt=\"null\"  style=\"\"><span class=\"ult-team-member-image-overlay \"  ><\/span><\/div><div class=\"ult-team-member-bio-wrap style-1 ultimate-heading69e0627e1d27b\" style=\"text-align:center;; \"><div class=\"ult-team-member-name-wrap\"><h2 class=\"ult-team-member-name ult-responsive\"  data-ultimate-target='.ult-team-member-bio-wrap.ultimate-heading69e0627e1d27b .ult-team-member-name'  data-responsive-json-new='{\"font-size\":\"\",\"line-height\":\"\"}'  style=\"\"><\/h2><div style=\"margin-bottom:15px\"><\/div><\/div><\/div><\/div>[\/vc_column][vc_column width=&#8220;3\/4&#8243;][vc_column_text]<\/p>\n<h2>Die Produktion<\/h2>\n<p><a href=\"https:\/\/freiheitsrechte.org\/ueber-die-gff\/team\/bernhard-leitner\">Bernhard Leitner<\/a> ist seit November 2021 als Crossmedia Designer bei der Gesellschaft f\u00fcr Freiheitsrechte und produziert seit Oktober 2023 den Podcast &#8222;Grundgesetzlich&#8220;.\u00a0 Sein Masterstudium im Bereich MultiMediaArt mit dem Schwerpunkt Mediendesign absolvierte er in Salzburg, \u00d6sterreich. Schon im Studium begann er seine Selbstst\u00e4ndigkeit als Crossmedia-Designer aufzubauen, die er bis heute parallel weiterf\u00fchrt. In diesem Rahmen engagiert er sich seit vielen Jahren f\u00fcr unterschiedliche NGOs, nachhaltige Projekte und soziale Vereinigungen.[\/vc_column_text][\/vc_column][\/vc_row][vc_row css_animation=&#8220;bounceInUp&#8220;][vc_column width=&#8220;1\/4&#8243;]<div class=\"ult-team-member-wrap ult-style-1  \"><div class=\"ult-team-member-image\" style=\"\"> <img decoding=\"async\" class=\"ult-team-grayscale\" src=\"https:\/\/grundgesetzlich.org\/podcast\/wp-content\/uploads\/2023\/11\/2023-Teamfoto.jpg\" alt=\"null\"  style=\"\"><span class=\"ult-team-member-image-overlay \"  ><\/span><\/div><div class=\"ult-team-member-bio-wrap style-1 ultimate-heading69e0627e1d8bb\" style=\"text-align:center;; \"><div class=\"ult-team-member-name-wrap\"><h2 class=\"ult-team-member-name ult-responsive\"  data-ultimate-target='.ult-team-member-bio-wrap.ultimate-heading69e0627e1d8bb .ult-team-member-name'  data-responsive-json-new='{\"font-size\":\"\",\"line-height\":\"\"}'  style=\"\"><\/h2><div style=\"margin-bottom:15px\"><\/div><\/div><\/div><\/div>[\/vc_column][vc_column width=&#8220;3\/4&#8243;][vc_column_text]<\/p>\n<h2><strong>Die NGO<\/strong><strong>\u00a0<\/strong><\/h2>\n<p>Die <a href=\"https:\/\/freiheitsrechte.org\/\">Gesellschaft f\u00fcr Freiheitsrechte e.V.<\/a> wurde 2015 mit Sitz in Berlin gegr\u00fcndet. Gemeinsam mit \u00fcber 4.000 F\u00f6rdermitgliedern verteidigt sie die Grund- und Menschenrechte mit rechtlichen Mitteln. Als gemeinn\u00fctziger Verein nutzt sie strategische Gerichtsverfahren und juristische Interventionen, um Demokratie und Zivilgesellschaft zu f\u00f6rdern, \u00dcberwachung und digitale Durchleuchtung zu begrenzen und f\u00fcr alle Menschen gleiche Rechte und soziale Teilhabe durchzusetzen.<\/p>\n<p>Die GFF finanziert sich durch Beitr\u00e4ge von F\u00f6rdermitgliedern und Spenden. Dementsprechend nimmt sie keinerlei staatliche Gelder entgegen, wodurch sie sich ihre parteipolitische Unabh\u00e4ngigkeit bewahrt. Du willst unterst\u00fctzen? <a href=\"https:\/\/freiheitsrechte.org\/mitmachen\">Dann werde F\u00f6rdermitglied.<\/a>[\/vc_column_text][\/vc_column][\/vc_row]<\/p>\n<\/div>","protected":false},"excerpt":{"rendered":"<p>[vc_row css_animation=&#8220;bounceInUp&#8220; ult_hide_row=&#8220;ult_hide_row_value&#8220; ult_hide_row_mobile=&#8220;mobile&#8220;][vc_column css_animation=&#8220;bounceInUp&#8220;][vc_row_inner][vc_column_inner width=&#8220;1\/4&#8243;][\/vc_column_inner][vc_column_inner width=&#8220;3\/4&#8243;][vc_column_text] Die Stimme [\/vc_column_text][vc_column_text]Janina Zillekens-McFadden ist seit Oktober 2020 Teil des Kommunikationsteams der Gesellschaft f\u00fcr Freiheitsrechte und hostet seit November 2023 den Podcast \u201eGrundgesetzlich\u201c. Ihren Master of Arts in Literaturwissenschaften und Soziologie absolvierte sie in Aachen und St. Louis, Missouri. Nebenbei engagierte sie sich ehrenamtlich bei Amnesty International. Ihre&hellip;<\/p>\n","protected":false},"author":2,"featured_media":0,"parent":0,"menu_order":0,"comment_status":"closed","ping_status":"closed","template":"","meta":{"footnotes":""},"class_list":["post-177","page","type-page","status-publish","hentry","description-off"],"_links":{"self":[{"href":"https:\/\/grundgesetzlich.org\/podcast\/wp-json\/wp\/v2\/pages\/177","targetHints":{"allow":["GET"]}}],"collection":[{"href":"https:\/\/grundgesetzlich.org\/podcast\/wp-json\/wp\/v2\/pages"}],"about":[{"href":"https:\/\/grundgesetzlich.org\/podcast\/wp-json\/wp\/v2\/types\/page"}],"author":[{"embeddable":true,"href":"https:\/\/grundgesetzlich.org\/podcast\/wp-json\/wp\/v2\/users\/2"}],"replies":[{"embeddable":true,"href":"https:\/\/grundgesetzlich.org\/podcast\/wp-json\/wp\/v2\/comments?post=177"}],"version-history":[{"count":25,"href":"https:\/\/grundgesetzlich.org\/podcast\/wp-json\/wp\/v2\/pages\/177\/revisions"}],"predecessor-version":[{"id":436,"href":"https:\/\/grundgesetzlich.org\/podcast\/wp-json\/wp\/v2\/pages\/177\/revisions\/436"}],"wp:attachment":[{"href":"https:\/\/grundgesetzlich.org\/podcast\/wp-json\/wp\/v2\/media?parent=177"}],"curies":[{"name":"wp","href":"https:\/\/api.w.org\/{rel}","templated":true}]}}